{"id":19,"date":"2025-11-19T12:34:04","date_gmt":"2025-11-19T11:34:04","guid":{"rendered":"https:\/\/www.iat.eu\/edita\/?page_id=19"},"modified":"2026-02-13T10:43:14","modified_gmt":"2026-02-13T09:43:14","slug":"startseite","status":"publish","type":"page","link":"https:\/\/www.iat.eu\/edita\/","title":{"rendered":"EditA \u2013 Evaluation von digitalen Anwendungen zur Sicherstellung der Versorgungs- und Arbeitsqualit\u00e4t in der Pflege"},"content":{"rendered":"\n<p>F\u00fcr die ambulante und station\u00e4re langzeitpflegerische Versorgung wurden in den letzten Jahren vielf\u00e4ltig digitale Anwendungen entwickelt und erprobt. Ziel solcher digitalen Anwendungen ist es, beruflich Pflegende zu entlasten, die pflegerische Versorgung zu verbessern und die st\u00e4rkere Beteiligung der Pflegebed\u00fcrftigen zu f\u00f6rdern (\u00a7 8 Absatz 3 SGB XI). Bislang mangelt es jedoch an einem kontextsensitiven Erhebungsinstrument, das die Wirkungsmessung und damit die Evaluation digitaler Anwendungen f\u00fcr die Pflegepraxis erm\u00f6glicht. Im Projekt EditA wird auf wissenschaftlich fundierter Grundlage ein Erhebungsinstrument zur Messung der Wirksamkeit digitaler Technologien in der Pflege entwickelt. Im Fokus stehen die Wirkungsdimensionen Versorgungsqualit\u00e4t, Arbeitsqualit\u00e4t und Usability. Im Ergebnis wird Pflegeeinrichtungen und -diensten ein praxisnahes Tool zur Verf\u00fcgung gestellt, um den tats\u00e4chlichen Nutzen digitaler Anwendungen in der Arbeits- und Versorgungspraxis ressourcenschonend und systematisch zu bewerten sowie fundierte Entscheidungen f\u00fcr eine nachhaltige, evidenzorientierte Digitalisierung zu unterst\u00fctzen.<\/p>\n","protected":false},"excerpt":{"rendered":"<p>F\u00fcr die ambulante und station\u00e4re langzeitpflegerische Versorgung wurden in den letzten Jahren vielf\u00e4ltig digitale Anwendungen entwickelt und erprobt. Ziel solcher digitalen Anwendungen ist es, beruflich Pflegende zu entlasten, die pflegerische Versorgung zu verbessern und die st\u00e4rkere Beteiligung der Pflegebed\u00fcrftigen zu f\u00f6rdern (\u00a7 8 Absatz 3 SGB XI). Bislang mangelt es jedoch an einem kontextsensitiven Erhebungsinstrument, &hellip; <\/p>\n<p class=\"link-more\"><a href=\"https:\/\/www.iat.eu\/edita\/\" class=\"more-link\"><span class=\"screen-reader-text\">\u201eEditA \u2013 Evaluation von digitalen Anwendungen zur Sicherstellung der Versorgungs- und Arbeitsqualit\u00e4t in der Pflege\u201c <\/span>weiterlesen<\/a><\/p>\n","protected":false},"author":1,"featured_media":0,"parent":0,"menu_order":0,"comment_status":"closed","ping_status":"closed","template":"","meta":{"footnotes":""},"class_list":["post-19","page","type-page","status-publish","hentry"],"_links":{"self":[{"href":"https:\/\/www.iat.eu\/edita\/wp-json\/wp\/v2\/pages\/19","targetHints":{"allow":["GET"]}}],"collection":[{"href":"https:\/\/www.iat.eu\/edita\/wp-json\/wp\/v2\/pages"}],"about":[{"href":"https:\/\/www.iat.eu\/edita\/wp-json\/wp\/v2\/types\/page"}],"author":[{"embeddable":true,"href":"https:\/\/www.iat.eu\/edita\/wp-json\/wp\/v2\/users\/1"}],"replies":[{"embeddable":true,"href":"https:\/\/www.iat.eu\/edita\/wp-json\/wp\/v2\/comments?post=19"}],"version-history":[{"count":4,"href":"https:\/\/www.iat.eu\/edita\/wp-json\/wp\/v2\/pages\/19\/revisions"}],"predecessor-version":[{"id":75,"href":"https:\/\/www.iat.eu\/edita\/wp-json\/wp\/v2\/pages\/19\/revisions\/75"}],"wp:attachment":[{"href":"https:\/\/www.iat.eu\/edita\/wp-json\/wp\/v2\/media?parent=19"}],"curies":[{"name":"wp","href":"https:\/\/api.w.org\/{rel}","templated":true}]}}